factor of 55 and r.
5
Suppose 4*q + 0 = 4. Let h(s) = s - 4. Let k be h(5). Calculate the highest common factor of k and q.
1
Let a(l) = l - 10. Let p be a(8). Let d be p/(-10) - 79/(-5). Calculate the greatest common divisor of 24 and d.
8
Let q = -2 + 16. Suppose -i = -q - 2. Let h = -1 + i. What is the highest common divisor of h and 45?
15
Suppose 4*q + 4*n - 1072 = 0, 3*q - 3*n - 1044 = -q. Calculate the highest common factor of q and 24.
24
Suppose p - 2*p + 78 = 0. Let t = 10 - -3. Calculate the highest common divisor of t and p.
13
Suppose w = -w + 162. Calculate the highest common divisor of 9 and w.
9
Suppose 137 = 2*f - d - 22, -f = -4*d - 97. Calculate the highest common divisor of f and 7.
7
Let z(k) = k**2 + 8*k - 3. Let r be z(9). Calculate the highest common divisor of r and 25.
25
Let y be 0 + (1 - 0/(-1)). Suppose -2*v - 4 - 4 = 0. Let u(a) = -a**2 - 4*a + 1. Let f be u(v). Calculate the highest common divisor of y and f.
1
Suppose -9 = 3*g + 15. Let p = -3 - g. Suppose -3*a - 8 = -p*a. Calculate the greatest common divisor of 12 and a.
4
Let z(k) = 2*k**2 + 6*k - 10. Let n be z(3). Calculate the greatest common factor of n and 39.
13
Suppose -3*s - 25 = -a, 8*a - 3*s = 3*a + 65. Let r = -10 + 12. Suppose 3*c - 400 = -r*c. Calculate the greatest common factor of a and c.
10
Let m(u) = -u**2 + 13*u - 12. Let d be m(8). Let r be 9*(d/6 + -3). What is the highest common factor of r and 165?
15
Let m be 15/((3/(-3))/(-6)). What is the highest common divisor of m and 10?
10
Suppose -5*r + 3*g = 0, 4*r = 4*g - g - 3. What is the greatest common divisor of 39 and r?
3
Let f(x) = -3 + 3*x**3 + 6*x**2 - 3*x**2 + 6 + 4*x. Let u be f(-3). Let z be ((-8)/12)/(6/u). Calculate the greatest common divisor of 1 and z.
1
Let i = -4 + 10. Let x be 1026/9*4/i. Calculate the highest common divisor of 19 and x.
19
Suppose 5*q = -58 + 378. Calculate the greatest common divisor of 96 and q.
32
Suppose -n = n - y - 4, 0 = 3*y - 6. Suppose 2*o + 2 = -n*w + 14, -4*o - 12 = 0. Let j(m) = m. Let k be j(6). What is the greatest common divisor of w and k?
6
Let p(a) = -3*a**2 - 4*a + 2 + 0*a + a**3 + 1 + 0. Let z be p(5). What is the highest common factor of 11 and z?
11
Suppose 729 - 89 = 5*z. Suppose r + r = z. Calculate the highest common divisor of 8 and r.
8
Let l(o) = o**2 + 2*o + 8. Let y be l(-12). Let x = -15 - -31. Calculate the greatest common factor of y and x.
16
Suppose -15*g - 975 + 4290 = 0. Calculate the greatest common factor of g and 13.
13
Let v(d) = -d - 2. Suppose -5 = -2*c - 1. Suppose -c*n = -4*g + 1 - 7, -3*n - 15 = 0. Let z be v(g). Calculate the highest common divisor of z and 1.
1
Suppose 3*l + 3*l - 84 = 0. Let d be 2/6 + 125/3. Calculate the greatest common divisor of d and l.
14
Suppose -4*h - 57 - 27 = 0. Let b be 1*(h + 2) - -1. Let f = 34 + b. What is the highest common factor of f and 40?
8
Let r(o) = -o + 15. Let m be r(0). Let l = -16 - -37. Let s be (150/7)/(3/l). What is the greatest common divisor of s and m?
15
Let q(j) = 5*j - 17. Let p be q(9). Calculate the greatest common divisor of 196 and p.
28
Let l(t) = -2*t**2 + t**2 + t + 2 - 8*t. Let z(n) = 5*n + 3. Let c be z(-2). Let o be l(c). What is the greatest common divisor of 8 and o?
2
Let w = 2 + 3. Suppose 2*b + 2*v = 8, -8 = -w*b - 2*v + 18. Calculate the highest common factor of 4 and b.
2
Let g = -41 - -67. What is the greatest common factor of 26 and g?
26
Let r = -8 + 12. Suppose -3*j + r*w = -49 + 1, 3*j - 2*w = 42. What is the greatest common divisor of j and 6?
6
Let p = 5 - -51. Calculate the highest common factor of p and 14.
14
Let o = 9 - 2. Suppose 5*l = 3*n + 6, -3*l + 10 = 2*n - o*n. Suppose 3*d - b = -l*d + 29, 5 = 5*b. Calculate the greatest common factor of d and 15.
5
Let x(v) = v + 11. Let y be x(-6). Let p(t) = 3*t**2 + 7*t - 8. Let f be p(3). Calculate the greatest common divisor of y and f.
5
Let u(q) = 8*q**2 + 6*q - 6. Let y(o) = 9*o**2 + 7*o - 7. Let f(b) = 6*u(b) - 5*y(b). Let z be f(-2). What is the greatest common divisor of 36 and z?
9
Let m be ((-3)/3)/(21/(-9) - -2). Calculate the highest common divisor of 6 and m.
3
Let x = 38 - -25. What is the highest common divisor of x and 9?
9
Let k(t) = t**3 - 3*t**2 + t + 1. Let o be k(3). Let j be (8/5)/(2/10). Calculate the greatest common factor of j and o.
4
Let n be -3*(0 - ((-116)/(-12) + -3)). Calculate the highest common divisor of 5 and n.
5
Suppose 0*f - 2*f + 4 = 0. Suppose -n + 1 = -b, 2*b + 6 = 3*n - f. Calculate the greatest common factor of n and 54.
6
Suppose 0 = 12*f + 6*f - 612. Calculate the highest common divisor of f and 17.
17
Let t be 65/25 + 4/10. Let a be t + (0 - 25)*-1. Suppose a = -u + 5*u. Calculate the greatest common factor of 14 and u.
7
Suppose -155 + 31 = -3*p + z, -4*z + 144 = 4*p. Suppose 3*d - p = -7. Calculate the highest common divisor of d and 22.
11
Let c = 3 + 69. Suppose 0 = 6*r - r - 4*s - 116, 2*r = -3*s + 51. What is the highest common factor of r and c?
24
Suppose -z + 23 = -3*h - 36, -5*z + 4*h = -262. Calculate the highest common factor of 75 and z.
25
Suppose -3*a + 57 = 573. Let z be a/(-36) + 4/18. Suppose -21 = -5*o + 154. What is the highest common factor of o and z?
5
Let r be (-26)/(-117) + (-194)/(-18). Calculate the highest common factor of 55 and r.
11
Let b be 2 + (-2)/((-6)/357). Let u be (-2 - -3)/(3/27). Let o be (-9)/(-3) + -1 + u. Calculate the highest common factor of b and o.
11
Let c = -13 + 21. Let b = -101 + 173. What is the highest common divisor of b and c?
8
Let x(p) = p + 25. Let m be x(-3). Calculate the highest common divisor of m and 44.
22
Let t be 2*15*14/21. Suppose f = 2*f - 120. What is the highest common factor of t and f?
20
Let h = -72 + 45. Suppose 0*z + z + o = 19, -2*z = o - 37. Let g be 202/z - (-6)/h. Calculate the greatest common divisor of g and 11.
11
Let x = -48 - -132. Let b = 7 - -5. Calculate the highest common factor of x and b.
12
Let n be (87/2)/((-1)/(-6)). Suppose -6*l - 3*a = -4*l - n, -2*l + 5*a = -237. Let v be ((-6)/(-4))/(9/84). Calculate the greatest common factor of l and v.
14
Let g(h) = 20*h**3 - h. Let q be g(-1). Let p = 39 + q. Let d = 130 - 80. What is the greatest common divisor of p and d?
10
Let r = -28 - -42. What is the greatest common divisor of r and 35?
7
Suppose -3*r + 5*s + 805 = 2*r, 5*s = -r + 155. What is the highest common factor of r and 20?
20
Let a be 6/(-57) + ((-2628)/(-57) - -2). Let i = 24 - 12. What is the highest common factor of a and i?
12
Suppose -3 = -3*q, 4*f - 4*q - 2 - 54 = 0. Let w = -4 + f. Let y = -162 + 250. Calculate the greatest common divisor of w and y.
11
Let u = 1 + -1. Suppose -h + 5*x + 33 = u, 0 = -4*h + 2*x + 30 + 12. Suppose -23*i = -1886 - 138. What is the greatest common divisor of h and i?
8
Let m be 2 + 1/2*4. Suppose 3*t = -5*c - t + 24, m*t + 16 = 0. Suppose -8*p - 16 = -16*p. What is the highest common factor of p and c?
2
Let h = 41 - 13. Calculate the greatest common divisor of h and 4.
4
Let f be 12/(2 + 22/(-12)). Calculate the greatest common divisor of 18 and f.
18
Let n be -3 + 0 + (4 - 1). Let d(j) = j**3 - j**2 + j + 11. Let y be d(n). What is the greatest common factor of 77 and y?
11
Let l = 10 + -10. Suppose 3*a + 31 - 136 = l. Calculate the greatest common divisor of 7 and a.
7
Suppose 4*z + 2 = 50. Let y(w) = -2*w**2 + 14*w + 40. Let g be y(9). Calculate the greatest common factor of g and z.
4
Suppose b + 2 - 30 = 0. Calculate the highest common factor of b and 4.
4
Let z be -1*6*5/(-2). Let v be 40*(1/(-1) + 2). Suppose v = -3*k + 7*k. Calculate the highest common factor of z and k.
5
Let z be 1/1 + 18/3. Suppose 3*u - 23 = z. What is the greatest common factor of 50 and u?
10
Let y(x) = 28*x**2 - 3*x - 1. Let z be y(-1). Calculate the greatest common factor of z and 20.
10
Suppose 0 = -0*i - 3*i + 135. Calculate the highest common factor of 30 and i.
15
Suppose -11 = -y + 4. Let m(b) = b**3 + 11*b**2 + 10. Let l be m(-11). What is the greatest common divisor of y and l?
5
Let f = 326 + -194. Calculate the greatest common factor of f and 12.
12
Suppose 2*h = 3*g + 13 - 3, -3*g = -4*h + 14. Calculate the highest common divisor of 14 and h.
2
Suppose -5*c + 38 = -4*f, 5*c = -f - 4*f + 20. Suppose c*z = 3